e
Is 216 a factor of 59623?
False
Is 30 a factor of 65?
False
Is 33063 a multiple of 95?
False
Is 475 a multiple of 18?
False
Does 9 divide 610?
False
Is 23645 a multiple of 360?
False
Does 19 divide 20102?
True
Is 955 a multiple of 19?
False
Is 1300 a multiple of 34?
False
Is 5 a factor of 8750?
True
Is 36 even?
True
Is 9 a factor of 14441?
False
Does 10 divide 180?
True
Is 62 a factor of 48360?
True
Is 97 a factor of 485?
True
Does 11 divide 11?
True
Is 67770 a multiple of 135?
True
Is 2431 a multiple of 23?
False
Does 6 divide 7145?
False
Does 32 divide 194752?
True
Does 6 divide 53?
False
Is 6536 a multiple of 38?
True
Is 113909 a multiple of 87?
False
Does 75 divide 1946?
False
Is 3293 a multiple of 180?
False
Is 4 a factor of 2334?
False
Is 131 a factor of 3350?
False
Is 473 a multiple of 11?
True
Does 11 divide 4465?
False
Does 2 divide 523?
False
Does 17 divide 18939?
False
Is 10 a factor of 370?
True
Is 256 a factor of 40600?
False
Is 6345 a multiple of 135?
True
Is 5 a factor of 660?
True
Is 27345 a multiple of 5?
True
Is 5536 a multiple of 174?
False
Is 20 a factor of 37640?
True
Is 11792 a multiple of 16?
True
Does 30 divide 10510?
False
Does 12 divide 5124?
True
Does 47 divide 3531?
False
Is 17 a factor of 26537?
True
Is 2620 a multiple of 20?
True
Is 240 a multiple of 8?
True
Is 8 a factor of 1328?
True
Does 13 divide 325?
True
Is 15 a factor of 450?
True
Does 13 divide 8632?
True
Is 33 a factor of 311?
False
Is 37637 a multiple of 109?
False
Does 29 divide 551?
True
Is 73 a factor of 119228?
False
Is 30 a factor of 199?
False
Is 59 a factor of 5015?
True
Is 684 a multiple of 17?
False
Is 864 a multiple of 12?
True
Is 2940 a multiple of 6?
True
Does 9 divide 1125?
True
Is 28756 a multiple of 91?
True
Is 12 a factor of 3492?
True
Is 24 a factor of 600?
True
Does 27 divide 1161?
True
Is 35757 a multiple of 41?
False
Does 164 divide 9348?
True
Is 98 a factor of 13328?
True
Does 21 divide 714?
True
Does 174 divide 37758?
True
Is 5 a factor of 13361?
False
Does 29 divide 6319?
False
Does 26 divide 1092?
True
Is 7830 a multiple of 174?
True
Is 5840 a multiple of 40?
True
Is 82440 a multiple of 40?
True
Does 27 divide 79748?
False
Does 11 divide 348?
False
Is 63 a factor of 113?
False
Is 3250 a multiple of 65?
True
Is 6 a factor of 9407?
False
Is 116 a factor of 23480?
False
Is 12 a factor of 969?
False
Does 52 divide 2264?
False
Is 18 a factor of 90288?
True
Is 5 a factor of 866?
False
Does 47 divide 235?
True
Is 6 a factor of 6898?
False
Is 298 a multiple of 72?
False
Is 49 a factor of 22981?
True
Is 20 a factor of 20180?
True
Is 40938 a multiple of 287?
False
Is 6 a factor of 24?
True
Does 8 divide 456?
True
Is 807 a multiple of 3?
True
Is 8915 a multiple of 3?
False
Does 9 divide 531?
True
Is 21 a factor of 12006?
False
Is 38 a factor of 2888?
True
Is 4 a factor of 214?
False
Does 7 divide 98?
True
Is 645 a multiple of 17?
False
Is 4200 a multiple of 21?
True
Is 39 a factor of 3469?
False
Is 7932 a multiple of 81?
False
Is 1107 a multiple of 9?
True
Does 25 divide 14175?
True
Does 25 divide 3550?
True
Is 132030 a multiple of 15?
True
Is 500 a multiple of 25?
True
Is 424 a factor of 23575?
False
Does 44 divide 1408?
True
Is 4 a factor of 4263?
False
Does 27 divide 2754?
True
Is 27 a factor of 284?
False
Is 19 a factor of 37?
False
Is 1885 a multiple of 12?
False
Does 27 divide 576?
False
Is 445 a multiple of 5?
True
Is 127 a multiple of 11?
False
Does 24 divide 993?
False
Is 1078 a multiple of 11?
True
Does 5 divide 355?
True
Is 49 a factor of 12559?
False
Is 3157 a multiple of 77?
True
Is 17394 a multiple of 20?
False
Is 29264 a multiple of 118?
True
Does 84 divide 84?
True
Is 9 a factor of 1279?
False
Does 82 divide 1804?
True
Is 11 a factor of 464?
False
Is 55 a factor of 880?
True
Is 999 a multiple of 19?
False
Does 13 divide 1559?
False
Does 4 divide 711?
False
Does 66 divide 1056?
True
Does 205 divide 119925?
True
Does 69 divide 8418?
True
Does 14 divide 3398?
False
Is 4 a factor of 52?
True
Is 3 a factor of 2408?
False
Is 404 a factor of 27472?
True
Is 52 a factor of 63128?
True
Is 74 a factor of 3108?
True
Is 234 a multiple of 26?
True
Is 25 a factor of 20694?
False
Is 201 a factor of 25681?
False
Is 66 a factor of 3450?
False
Is 52 a factor of 34996?
True
Is 9 a factor of 12030?
False
Is 11 a factor of 165?
True
Is 5808 a multiple of 3?
True
Is 18 a factor of 20800?
False
Is 38 a factor of 5461?
False
Is 149 a multiple of 22?
False
Is 2119 a multiple of 4?
False
Is 6 a factor of 522?
True
Does 32 divide 18597?
False
Is 30 a factor of 8207?
False
Is 70 a factor of 5952?
False
Does 23 divide 4122?
False
Is 28 a factor of 3696?
True
Is 294 a multiple of 16?
False
Is 93 a factor of 5766?
True
Is 7 a factor of 8691?
False
Is 448 a multiple of 37?
False
Does 134 divide 6968?
True
Is 41 a factor of 656?
True
Is 119 a factor of 3137?
False
Is 168 a multiple of 3?
True
Is 19 a factor of 2684?
False
Is 24 a multiple of 6?
True
Is 18 a factor of 249?
False
Is 18 a factor of 7794?
True
Does 6 divide 43147?
False
Does 9 divide 2629?
False
Does 4 divide 220?
True
Is 17620 a multiple of 34?
False
Is 204 a factor of 7229?
False
Does 11 divide 36696?
True
Does 132 divide 3564?
True
Is 38 a factor of 1634?
True
Is 29 a factor of 21982?
True
Is 110 a factor of 19690?
True
Is 15913 a multiple of 20?
False
Is 17 a multiple of 2?
False
Is 30 a factor of 6003?
False
Is 2692 a multiple of 3?
False
Is 11590 a multiple of 160?
False
Is 3 a factor of 1169?
False
Does 76 divide 10068?
False
Does 68 divide 9585?
False
Does 11 divide 393?
False
Is 10645 a multiple of 13?
False
Is 12325 a multiple of 25?
True
Is 175 a factor of 32524?
False
Is 23 a factor of 11546?
True
Is 143 a factor of 14443?
True
Is 348 a multiple of 6?
True
Is 983 a multiple of 3?
False
Is 4385 a multiple of 40?
False
Is 61 a factor of 4392?
True
Is 49 a factor of 6630?
False
Is 41 a factor of 492?
True
Is 1259 a multiple of 14?
False
Is 8 a factor of 692?
False
Is 131 a multiple of 2?
False
Is 8 a factor of 14728?
True
Is 2956 a multiple of 27?
False
Does 2 divide 7782?
True
Is 2826 a multiple of 9?
True
Does 15 divide 228?
False
Does 19 divide 778?
False
Is 8 a factor of 2717?
False
Is 13 a factor of 455?
True
Is 88 a factor of 11190?
False
Does 10 divide 930?
True
Does 31 divide 155?
True
Is 136 a factor of 3357?
False
Does 24 divide 301?
False
Is 25 a factor of 825?
True
Does 130 divide 3958?
False
Does 107 divide 406?
False
Is 12 a factor of 6816?
True
Does 31 divide 274?
False
Is 97 a factor of 29682?
True
Is 432 a multiple of 48?
True
Does 11 divide 2761?
True
Is 10 a factor of 1890?
True
Is 7 a factor of 16681?
True
Is 1508 a multiple of 23?
False
Is 7 a factor of 308?
True
Is 3 a factor of 14640?
True
Is 864 a multiple of 9?
True
Is 8 a factor of 863?
False
Does 7 divide 5101?
False
Is 19 a factor of 1007?
True
Is 272 a factor of 14418?
False
Does 122 divide 22082?
True
Is 5 a factor of 72?
False
Is 1688 a multiple of 22?
False
Is 224 a multiple of 8?
True
Does 11 divide 45507?
True
Is 15 a factor of 7200?
True
Is 4286 a multiple of 13?
False
Does 77 divide 6370?
False
Is 21624 a multiple of 17?
True
Is 42 a factor of 3241?
False
Does 11 divide 2343?
True
Is 112 a multiple of 5?
False
Does 9 divide 2700?
True
Is 10 a factor of 66041?
False
Does 109 divide 5559?
True
Is 52215 a multiple of 167?
False
Does 110 divide 18370?
True
Is 3108 a multiple of 6?
True
Does 22 divide 792?
True
Is 2 a factor of 15?
False
Is 4061 a multiple of 131?
True
Is 16032 a multiple of 16?
True
Does 8 divide 600?
True
Does 290 divide 78880?
True
Is 10620 a multiple of 118?
True
Is 23407 a multiple of 4?
False
Is 54 a factor of 5832?
True
Is 16 a multiple of 15?
False
Is 578 a multiple of 13?
False
Does 40 divide 45800?
True
Does 10 divide 246?
False
Is 713 a multiple of 33?
False
Is 28202 a multiple of 20?
False
Is 3998 a multiple of 42?
False
Does 142 divide 568?
True
Does 29 divide 1856?
True
Does 5 divide 115?
True
Is 9 a factor of 1154?
False
Is 5115 a multiple of 55?
True
Is 93 a factor of 950?
False
Does 24 divide 661?
False
Is 495 a multiple of 8?
False
Does 10 divide 540?
True
Is 15 a factor of 15315?
True
Is 47 a factor of 121?
False
Is 136 a multiple of 4?
True
Does 15 divide 38389?
F